{"id":9,"date":"2023-11-22T10:55:24","date_gmt":"2023-11-22T10:55:24","guid":{"rendered":"https:\/\/nessdanismanlik.com.tr\/?page_id=9"},"modified":"2023-11-22T14:43:20","modified_gmt":"2023-11-22T11:43:20","slug":"hakkimizda","status":"publish","type":"page","link":"https:\/\/nessdanismanlik.com.tr\/?page_id=9","title":{"rendered":"Hakk\u0131m\u0131zda"},"content":{"rendered":"<p>Yeni nesil ve s\u00fcrd\u00fcr\u00fclebilir \u00e7\u00f6z\u00fcmlerle ,kurumsal \u00a0y\u00f6netimdeki d\u00fcr\u00fcstl\u00fck ve \u015feffal\u0131\u011f\u0131m\u0131zla hizmet ediyoruz .<\/p>\n<p>Ihtiya\u00e7lar\u0131 dinleyerek uzun vadeli sonu\u00e7lar sunmak en temel ilkemiz.<\/p>\n<p>t\u00fcm s\u00fcre\u00e7leri b\u00fcy\u00fck bir titizlik, prosesyonellik ve gizlilikle y\u00fcr\u00fct\u00fcyoruz.<\/p>\n<p>Kurum k\u00fclt\u00fcr\u00fcn\u00fcn\u00a0 korunmas\u0131 ve s\u00fcrd\u00fcr\u00fclmesi i\u00e7in profesyonel dan\u0131\u015fmanl\u0131k \u00a0sunmaktay\u0131z.<\/p>\n<p>&nbsp;<\/p>\n<p><strong>Misyon<\/strong><\/p>\n<p>M\u00fc\u015fterilerimizin ihtiya\u00e7lar\u0131n\u0131 iyi dinleyerek , zaman ve maliyetten tasarruf sa\u011flayarak en iyi \u00e7\u00f6z\u00fcm\u00fc sunmak \u00a0.<\/p>\n<p>&nbsp;<\/p>\n<p><strong>Vizyon<\/strong> :<\/p>\n<p>uzun vadeli i\u015f birlikleri kurularak \u00e7\u00f6z\u00fcm orta\u011f\u0131n\u0131z olmak .<\/p>\n<p>\u0130yi bir i\u015f orta\u011f\u0131 size zaman ve de\u011fer kazand\u0131r\u0131r\u2026.<\/p>\n","protected":false},"excerpt":{"rendered":"<p>Yeni nesil ve s\u00fcrd\u00fcr\u00fclebilir \u00e7\u00f6z\u00fcmlerle ,kurumsal \u00a0y\u00f6netimdeki d\u00fcr\u00fcstl\u00fck ve \u015feffal\u0131\u011f\u0131m\u0131zla hizmet ediyoruz . Ihtiya\u00e7lar\u0131 dinleyerek uzun vadeli sonu\u00e7lar sunmak en temel ilkemiz. t\u00fcm s\u00fcre\u00e7leri b\u00fcy\u00fck bir titizlik, prosesyonellik ve gizlilikle y\u00fcr\u00fct\u00fcyoruz. Kurum k\u00fclt\u00fcr\u00fcn\u00fcn\u00a0 korunmas\u0131 ve s\u00fcrd\u00fcr\u00fclmesi i\u00e7in profesyonel dan\u0131\u015fmanl\u0131k \u00a0sunmaktay\u0131z. &nbsp; Misyon M\u00fc\u015fterilerimizin ihtiya\u00e7lar\u0131n\u0131 iyi dinleyerek , zaman ve maliyetten tasarruf sa\u011flayarak en iyi \u00e7\u00f6z\u00fcm\u00fc&hellip;<\/p>\n<p class=\"more-link\"><a href=\"https:\/\/nessdanismanlik.com.tr\/?page_id=9\" class=\"themebutton2\">Read More<\/a><\/p>\n","protected":false},"author":1,"featured_media":0,"parent":0,"menu_order":0,"comment_status":"closed","ping_status":"closed","template":"","meta":{"footnotes":""},"class_list":["post-9","page","type-page","status-publish","hentry"],"_links":{"self":[{"href":"https:\/\/nessdanismanlik.com.tr\/index.php?rest_route=\/wp\/v2\/pages\/9","targetHints":{"allow":["GET"]}}],"collection":[{"href":"https:\/\/nessdanismanlik.com.tr\/index.php?rest_route=\/wp\/v2\/pages"}],"about":[{"href":"https:\/\/nessdanismanlik.com.tr\/index.php?rest_route=\/wp\/v2\/types\/page"}],"author":[{"embeddable":true,"href":"https:\/\/nessdanismanlik.com.tr\/index.php?rest_route=\/wp\/v2\/users\/1"}],"replies":[{"embeddable":true,"href":"https:\/\/nessdanismanlik.com.tr\/index.php?rest_route=%2Fwp%2Fv2%2Fcomments&post=9"}],"version-history":[{"count":3,"href":"https:\/\/nessdanismanlik.com.tr\/index.php?rest_route=\/wp\/v2\/pages\/9\/revisions"}],"predecessor-version":[{"id":12,"href":"https:\/\/nessdanismanlik.com.tr\/index.php?rest_route=\/wp\/v2\/pages\/9\/revisions\/12"}],"wp:attachment":[{"href":"https:\/\/nessdanismanlik.com.tr\/index.php?rest_route=%2Fwp%2Fv2%2Fmedia&parent=9"}],"curies":[{"name":"wp","href":"https:\/\/api.w.org\/{rel}","templated":true}]}}